{"id":19,"date":"2019-05-12T12:57:37","date_gmt":"2019-05-12T10:57:37","guid":{"rendered":"http:\/\/espiritazz.cluster027.hosting.ovh.net\/?page_id=19"},"modified":"2025-12-04T20:34:36","modified_gmt":"2025-12-04T19:34:36","slug":"enlaces","status":"publish","type":"page","link":"https:\/\/www.espiritasmadrid.com\/index.php\/enlaces\/","title":{"rendered":"Enlaces"},"content":{"rendered":"<ul style=\"list-style-type: none; margin: 0; padding: 0;\">\n<li><a style=\"color: #ffffff00; font-size: 1pt; line-height: 2pt; height: auto; position: absolute;\" href=\"https:\/\/aviator-bahis.com\/\">aviator<\/a><\/li>\n<li><a style=\"color: #ffffff00; font-size: 1pt; line-height: 2pt; height: auto; position: absolute;\" href=\"https:\/\/1-win-bet.kz\/\">1win login<\/a><\/li>\n<li><a style=\"color: #ffffff00; font-size: 1pt; line-height: 2pt; height: auto; position: absolute;\" href=\"https:\/\/pinup-casino-oyna.com\/\">pinup az<\/a><\/li>\n<li><a style=\"color: #ffffff00; font-size: 1pt; line-height: 2pt; height: auto; position: absolute;\" href=\"https:\/\/4abets.com\/\">farabet casino<\/a><\/li>\n<li><a style=\"color: #ffffff00; font-size: 1pt; line-height: 2pt; height: auto; position: absolute;\" href=\"https:\/\/most-bet-bahis.com\/\">mostbet<\/a><\/li>\n<li><a style=\"color: #ffffff00; font-size: 1pt; line-height: 2pt; height: auto; position: absolute;\" href=\"https:\/\/mostbet-freespins.com\/\">mosbet az<\/a><\/li>\n<li><a style=\"color: #ffffff00; font-size: 1pt; line-height: 2pt; height: auto; position: absolute;\" href=\"https:\/\/pin-up-luck.com\/\">pin up az<\/a><\/li>\n<li><a style=\"color: #ffffff00; font-size: 1pt; line-height: 2pt; height: auto; position: absolute;\" href=\"https:\/\/mostbet-azn-casino.com\/\">mosbet<\/a><\/li>\n<li><a style=\"color: #ffffff00; font-size: 1pt; line-height: 2pt; height: auto; position: absolute;\" href=\"https:\/\/mostbet-story.com\/\">mosbet<\/a><\/li>\n<li><a style=\"color: #ffffff00; font-size: 1pt; line-height: 2pt; height: auto; position: absolute;\" href=\"https:\/\/4abet.in\/\">4x bet<\/a><\/li>\n<li><a style=\"color: #ffffff00; font-size: 1pt; line-height: 2pt; height: auto; position: absolute;\" href=\"https:\/\/pinup-luckyjet.com\/\">pin up casino<\/a><\/li>\n<li><a style=\"color: #ffffff00; font-size: 1pt; line-height: 2pt; height: auto; position: absolute;\" href=\"https:\/\/mostbet-live.kz\/\">mostbet<\/a><\/li>\n<li><a style=\"color: #ffffff00; font-size: 1pt; line-height: 2pt; height: auto; position: absolute;\" href=\"https:\/\/pin-up-website.com\/\">pinup<\/a><\/li>\n<li><a style=\"color: #ffffff00; font-size: 1pt; line-height: 2pt; height: auto; position: absolute;\" href=\"https:\/\/pinup-ozbekistan.com\/\">pin up uz<\/a><\/li>\n<li><a style=\"color: #ffffff00; font-size: 1pt; line-height: 2pt; height: auto; position: absolute;\" href=\"https:\/\/mosbet-oyun.com\/\">mostbet<\/a><\/li>\n<li><a style=\"color: #ffffff00; font-size: 1pt; line-height: 2pt; height: auto; position: absolute;\" href=\"https:\/\/pinup-redcasino.com\/\">pinup<\/a><\/li>\n<li><a style=\"color: #ffffff00; font-size: 1pt; line-height: 2pt; height: auto; position: absolute;\" href=\"https:\/\/mostbets-casino.kz\/\">mosbet<\/a><\/li>\n<li><a style=\"color: #ffffff00; font-size: 1pt; line-height: 2pt; height: auto; position: absolute;\" href=\"https:\/\/1-win-free.com\/\">1win casino<\/a><\/li>\n<li><a style=\"color: #ffffff00; font-size: 1pt; line-height: 2pt; height: auto; position: absolute;\" href=\"https:\/\/1-win-uzb.com\/\">1 win<\/a><\/li>\n<li><a style=\"color: #ffffff00; font-size: 1pt; line-height: 2pt; height: auto; position: absolute;\" href=\"https:\/\/mostbet-casino-world.com\/\">mostbet<\/a><\/li>\n<li><a style=\"color: #ffffff00; font-size: 1pt; line-height: 2pt; height: auto; position: absolute;\" href=\"https:\/\/1-win-live.com\/\">1win yukle<\/a><\/li>\n<li><a style=\"color: #ffffff00; font-size: 1pt; line-height: 2pt; height: auto; position: absolute;\" href=\"https:\/\/snai-slots.com\/\">snai casino<\/a><\/li>\n<li><a style=\"color: #ffffff00; font-size: 1pt; line-height: 2pt; height: auto; position: absolute;\" href=\"https:\/\/pinup-cash.com\/\">pinup az<\/a><\/li>\n<li><a style=\"color: #ffffff00; font-size: 1pt; line-height: 2pt; height: auto; position: absolute;\" href=\"https:\/\/aviator-guide.com\/\">aviator<\/a><\/li>\n<li><a style=\"color: #ffffff00; font-size: 1pt; line-height: 2pt; height: auto; position: absolute;\" href=\"https:\/\/mosbet-onlayn.com\/\">mostbet<\/a><\/li>\n<li><a style=\"color: #ffffff00; font-size: 1pt; line-height: 2pt; height: auto; position: absolute;\" href=\"https:\/\/1-win-casino.in\/\">1vin casino<\/a><\/li>\n<li><a style=\"color: #ffffff00; font-size: 1pt; line-height: 2pt; height: auto; position: absolute;\" href=\"https:\/\/pinup-oyna.com\/\">pinap<\/a><\/li>\n<li><a style=\"color: #ffffff00; font-size: 1pt; line-height: 2pt; height: auto; position: absolute;\" href=\"https:\/\/pin-up-casino-oynay.com\/\">pinup<\/a><\/li>\n<li><a style=\"color: #ffffff00; font-size: 1pt; line-height: 2pt; height: auto; position: absolute;\" href=\"https:\/\/mostbet-online-cazino.com\/\">mostbet casino<\/a><\/li>\n<\/ul>\n\n\n\n<h2 class=\"wp-block-heading\">Paginas Web<\/h2>\n\n\n\n<p>Federaci\u00f3n Esp\u00edrita Espa\u00f1ola<br><a href=\"https:\/\/fee.espiritismo.es\/\">https:\/\/fee.espiritismo.es\/<\/a><\/p>\n\n\n\n<p>Consejo Esp\u00edrita Internacional<br> <a href=\"https:\/\/cei-spiritistcouncil.com\/\">https:\/\/cei-spiritistcouncil.com\/<\/a> <\/p>\n\n\n\n<p>Cidade da Luz&nbsp; (Brasil)<br><a href=\"https:\/\/www.cidadedaluz.com.br\" target=\"_blank\" rel=\"noreferrer noopener\" aria-label=\"https:\/\/www.cidadedaluz.com.br\/ (abre en una nueva pesta\u00f1a)\">https:\/\/www.cidadedaluz.com.br\/<\/a><\/p>\n\n\n\n<p>Fundaci\u00f3n Lar Armon\u00eda (Brasil)<br>Descripci\u00f3n: Contribuir para el despertar del ser humano en todas sus dimensiones. <a href=\"http:\/\/www.larharmonia.org.br\">http:\/\/www.larharmonia.org.br\/<\/a><\/p>\n\n\n\n<p>Mansi\u00f3n del Camino &#8211; Brasil<br>Descripci\u00f3n: Una obra del Centro Esp\u00edrita Camino de Redenci\u00f3n &#8211; <a href=\"http:\/\/www.mansaodocaminho.com.br\/\">http:\/\/www.mansaodocaminho.com.br\/<\/a><\/p>\n\n\n\n<p>Blog de Victor M. Fern\u00e1ndez<br>Descripci\u00f3n: Blog de un amigo y socio de la casa sobre espiritismo <a href=\"https:\/\/www.divulgadorespiritamadrid.blogspot.com\/\">https:\/\/www.divulgadorespiritamadrid.blogspot.com\/<\/a><\/p>\n\n\n\n<h2 class=\"wp-block-heading\">Libros<\/h2>\n\n\n\n<figure class=\"wp-block-image\"><img decoding=\"async\" src=\"https:\/\/www.espiritasmadrid.com\/downloads\/libros.jpg\" alt=\"libros\" class=\"wp-image-271\"\/><\/figure>\n\n\n\n<p>En esta secci\u00f3n te ofrecemos la posibilidad de descargar libros que te servir\u00e1n para entender el Espiritismo en toda su magnitud.<\/p>\n\n\n\n<p><strong><em>* LIBROS B\u00c1SICOS:<\/em><\/strong><\/p>\n\n\n\n<figure class=\"wp-block-image is-resized\"><img loading=\"lazy\" decoding=\"async\" width=\"458\" height=\"458\" src=\"https:\/\/www.espiritasmadrid.com\/wp-content\/uploads\/2019\/08\/el-libro-de-los-espiritus.jpg\" alt=\"\" class=\"wp-image-298\" style=\"width:200px;height:200px\" srcset=\"https:\/\/www.espiritasmadrid.com\/wp-content\/uploads\/2019\/08\/el-libro-de-los-espiritus.jpg 458w, https:\/\/www.espiritasmadrid.com\/wp-content\/uploads\/2019\/08\/el-libro-de-los-espiritus-150x150.jpg 150w, https:\/\/www.espiritasmadrid.com\/wp-content\/uploads\/2019\/08\/el-libro-de-los-espiritus-300x300.jpg 300w\" sizes=\"auto, (max-width: 458px) 100vw, 458px\" \/><\/figure>\n\n\n\n<p><strong><a href=\"http:\/\/www.espiritismo.es\/Descargas\/libros\/allankardec\/Espiritus.pdf\">&#8211; \u00abEl Libro de los Esp\u00edritus\u00bb<\/a><\/strong><a href=\"http:\/\/www.espiritismo.es\/Descargas\/libros\/allankardec\/Espiritus.pdf\"> (descargar a trav\u00e9s de la p\u00e1gina de la Federaci\u00f3n Esp\u00edrita Espa\u00f1ola.)<\/a> <\/p>\n\n\n\n<figure class=\"wp-block-image is-resized\"><img loading=\"lazy\" decoding=\"async\" width=\"800\" height=\"800\" src=\"https:\/\/www.espiritasmadrid.com\/wp-content\/uploads\/2019\/08\/el-libro-de-los-mediums.jpg\" alt=\"\" class=\"wp-image-299\" style=\"width:200px;height:200px\" srcset=\"https:\/\/www.espiritasmadrid.com\/wp-content\/uploads\/2019\/08\/el-libro-de-los-mediums.jpg 800w, https:\/\/www.espiritasmadrid.com\/wp-content\/uploads\/2019\/08\/el-libro-de-los-mediums-150x150.jpg 150w, https:\/\/www.espiritasmadrid.com\/wp-content\/uploads\/2019\/08\/el-libro-de-los-mediums-300x300.jpg 300w, https:\/\/www.espiritasmadrid.com\/wp-content\/uploads\/2019\/08\/el-libro-de-los-mediums-768x768.jpg 768w\" sizes=\"auto, (max-width: 800px) 100vw, 800px\" \/><\/figure>\n\n\n\n<p><strong><a href=\"http:\/\/www.espiritismo.es\/Descargas\/libros\/allankardec\/Mediums.pdf\">&#8211; \u00abEl Libro de los Mediums\u00bb<\/a><\/strong><a href=\"http:\/\/www.espiritismo.es\/Descargas\/libros\/allankardec\/Mediums.pdf\"> (descargar a trav\u00e9s de la p\u00e1gina de la Federaci\u00f3n Esp\u00edrita Espa\u00f1ola.)<\/a><\/p>\n\n\n\n<figure class=\"wp-block-image is-resized\"><img loading=\"lazy\" decoding=\"async\" width=\"800\" height=\"800\" src=\"https:\/\/www.espiritasmadrid.com\/wp-content\/uploads\/2019\/08\/el-evangelio-segun-el-espiritismo.jpg\" alt=\"\" class=\"wp-image-305\" style=\"width:200px;height:200px\" srcset=\"https:\/\/www.espiritasmadrid.com\/wp-content\/uploads\/2019\/08\/el-evangelio-segun-el-espiritismo.jpg 800w, https:\/\/www.espiritasmadrid.com\/wp-content\/uploads\/2019\/08\/el-evangelio-segun-el-espiritismo-150x150.jpg 150w, https:\/\/www.espiritasmadrid.com\/wp-content\/uploads\/2019\/08\/el-evangelio-segun-el-espiritismo-300x300.jpg 300w, https:\/\/www.espiritasmadrid.com\/wp-content\/uploads\/2019\/08\/el-evangelio-segun-el-espiritismo-768x768.jpg 768w\" sizes=\"auto, (max-width: 800px) 100vw, 800px\" \/><\/figure>\n\n\n\n<p><strong><a href=\"http:\/\/www.espiritismo.es\/Descargas\/libros\/allankardec\/Evangelio.pdf\">&#8211; \u00abEl Evangelio seg\u00fan el Espiritismo\u00bb<\/a><\/strong><a href=\"http:\/\/www.espiritismo.es\/Descargas\/libros\/allankardec\/Evangelio.pdf\"> (descargar a trav\u00e9s de la p\u00e1gina de la Federaci\u00f3n Esp\u00edrita Espa\u00f1ola.)<\/a> <\/p>\n\n\n\n<figure class=\"wp-block-image is-resized\"><img loading=\"lazy\" decoding=\"async\" width=\"458\" height=\"458\" src=\"https:\/\/www.espiritasmadrid.com\/wp-content\/uploads\/2019\/08\/el-cielo-y-el-infierno.jpg\" alt=\"\" class=\"wp-image-306\" style=\"width:200px;height:200px\" srcset=\"https:\/\/www.espiritasmadrid.com\/wp-content\/uploads\/2019\/08\/el-cielo-y-el-infierno.jpg 458w, https:\/\/www.espiritasmadrid.com\/wp-content\/uploads\/2019\/08\/el-cielo-y-el-infierno-150x150.jpg 150w, https:\/\/www.espiritasmadrid.com\/wp-content\/uploads\/2019\/08\/el-cielo-y-el-infierno-300x300.jpg 300w\" sizes=\"auto, (max-width: 458px) 100vw, 458px\" \/><\/figure>\n\n\n\n<p><a href=\"http:\/\/www.espiritismo.cc\/Descargas\/libros\/allankardec\/cielo.pdf\"><strong>&#8211; \u00abEl Cielo y el Infierno\u00bb<\/strong> (descargar a trav\u00e9s <\/a><a href=\"http:\/\/www.espiritismo.es\/Descargas\/libros\/allankardec\/cielo.pdf\">de<\/a><a href=\"http:\/\/www.espiritismo.cc\/Descargas\/libros\/allankardec\/cielo.pdf\"> la p\u00e1gina de la Federaci\u00f3n Esp\u00edrita Espa\u00f1ola.)<\/a><\/p>\n\n\n\n<figure class=\"wp-block-image is-resized\"><img loading=\"lazy\" decoding=\"async\" width=\"300\" height=\"455\" src=\"https:\/\/www.espiritasmadrid.com\/wp-content\/uploads\/2019\/08\/ak-obras_postumas-1.jpg\" alt=\"\" class=\"wp-image-313\" style=\"width:153px;height:232px\" srcset=\"https:\/\/www.espiritasmadrid.com\/wp-content\/uploads\/2019\/08\/ak-obras_postumas-1.jpg 300w, https:\/\/www.espiritasmadrid.com\/wp-content\/uploads\/2019\/08\/ak-obras_postumas-1-198x300.jpg 198w\" sizes=\"auto, (max-width: 300px) 100vw, 300px\" \/><\/figure>\n\n\n\n<p><strong><a href=\"http:\/\/www.espiritismo.es\/Descargas\/libros\/allankardec\/Obras-Postumas.pdf\">&#8211; \u00abObras P\u00f3stumas\u00bb<\/a><\/strong><a href=\"http:\/\/www.espiritismo.es\/Descargas\/libros\/allankardec\/Obras-Postumas.pdf\"> (descargar a trav\u00e9s de la p\u00e1gina de la Federaci\u00f3n Esp\u00edrita Espa\u00f1ola.)<\/a><\/p>\n\n\n\n<p><strong><em>* LIBROS RECOMENDADOS:<\/em><\/strong><\/p>\n\n\n\n<p><strong>&#8211; \u00abQu\u00e9 es el Espiritismo\u00bb<\/strong>, Allan Kardec.Es un resumen de todo el contenido de la Doctrina Esp\u00edrita a trav\u00e9s del cual se refutan las principales objeciones que a ella se le han formulado desde los campos de la ciencia, la religi\u00f3n y la filosof\u00eda, (<a href=\"http:\/\/www.espiritismo.es\/Descargas\/libros\/allankardec\/Que-es.pdf\">descargar<\/a> a trav\u00e9s de la p\u00e1gina de la Federaci\u00f3n Esp\u00edrita Espa\u00f1ola.)<\/p>\n\n\n\n<p><strong>&#8211; \u00abViaje Esp\u00edrita en 1.862\u00bb<\/strong>, Allan Kardec. Estas instrucciones dadas por Kardec a los grupos que se iniciaban en Francia en el siglo XIX son una garant\u00eda para el cuidado de la pureza doctrinaria, la convivencia arm\u00f3nica, una muestra de equilibrio que no admite expresiones enfermizas de misticismo ni pr\u00e1cticas extra\u00f1as a la Doctrina, pero donde preponderan las manifestaciones m\u00e1s puras y elevadas del esp\u00edritu tolerante y universalista del Evangelio de Jes\u00fas, (<a href=\"http:\/\/www.espiritismo.es\/Descargas\/libros\/allankardec\/Viaje%20Espirita%20en%201862.pdf\">descargar<\/a> a trav\u00e9s de la p\u00e1gina de la Federaci\u00f3n Esp\u00edrita Espa\u00f1ola.)<\/p>\n\n\n\n<p><strong>&#8211; \u00abEl g\u00e9nesis, los milagros y las predicciones seg\u00fan el Espiritismo\u00bb<\/strong>, Allan Kardec. En este tomo son analizadas, adem\u00e1s, las genesis org\u00e1nica y espiritual y las distintas teorias sobre la formaci\u00f3n de la Tierra, as\u00ed como numerosos pasajes del Antiguo y Nuevo Testamento a la luz de los \u00fanicos elementos racionales y cient\u00edficos que puede llevarnos a comprenderlos: los que ofrece la Doctrina Esp\u00edrita, (<a href=\"http:\/\/www.espiritismo.es\/Descargas\/libros\/allankardec\/Genesis.pdf\">descargar<\/a> a trav\u00e9s de la p\u00e1gina de la Federaci\u00f3n Esp\u00edrita Espa\u00f1ola.)<\/p>\n\n\n\n<p><strong>&#8211; \u00abEl Espiritismo en su m\u00e1s simple expresi\u00f3n\u00bb<\/strong>, Allan Kardec: No cabe duda de que es esta la primera obra que ha de leer quien desee iniciarse en el Espiritismo\u00bb, (<a href=\"http:\/\/www.espiritismo.cc\/Descargas\/libros\/allankardec\/simplexpresion.pdf\">descargar<\/a> a trav\u00e9s de la p\u00e1gina de la Federaci\u00f3n Esp\u00edrita Espa\u00f1ola.)<\/p>\n\n\n\n<p><strong>&#8211; \u00abLiberaci\u00f3n\u00bb<\/strong>, Andr\u00e9 Luiz por la mediumnidad de Francisco C\u00e1ndido Xavier, (<a href=\"http:\/\/www.espiritismo.es\/Descargas\/libros\/Chicoxavier\/liberacion.pdf\">descargar<\/a> a trav\u00e9s de la p\u00e1gina de la Federaci\u00f3n Esp\u00edrita Espa\u00f1ola.)<\/p>\n\n\n\n<p><strong>&#8211; \u00abDespu\u00e9s de la Muerte\u00bb<\/strong>, Leon Denis. Es uno de los libros m\u00e1s importantes de la doctrina esp\u00edrita despu\u00e9s de las obras b\u00e1sicas, (<a href=\"http:\/\/www.espiritismo.es\/Descargas\/libros\/LeonDenis\/Despues_de_la_muerte.pdf\">descargar<\/a> a trav\u00e9s de la p\u00e1gina de la Federaci\u00f3n Esp\u00edrita Espa\u00f1ola.)<\/p>\n\n\n\n<p><strong>&#8211; \u00abDerrotero\u00bb<\/strong>, del Esp\u00edritu Emmanuel por la mediumnidad de Francisco C\u00e1ndido Xavier, (<a href=\"http:\/\/www.espiritismo.es\/Descargas\/libros\/Chicoxavier\/Derrotero.pdf\">descargar<\/a> a trav\u00e9s de la p\u00e1gina de la Federaci\u00f3n Esp\u00edrita Espa\u00f1ola.)<\/p>\n\n\n\n<p><strong>&#8211; \u00abEl Problema del Ser y del Destino\u00bb<\/strong>, Leon Denis. Recomendado para profundizar en la realidad del esp\u00edritu, (<a href=\"http:\/\/www.espiritismo.es\/Descargas\/libros\/LeonDenis\/El_problema_del_ser_y_del_destino.pdf\">descargar<\/a> a trav\u00e9s de la p\u00e1gina de la Federaci\u00f3n Esp\u00edrita Espa\u00f1ola.)<\/p>\n\n\n\n<p><strong>&#8211; \u00abEl Espiritismo Y Las Fuerzas Radiantes\u00bb<\/strong>, Le\u00f3n Denis analizando la naturaleza de los flu\u00eddos espirituales. Descarga <strong><a href=\"http:\/\/www.espiritismo.es\/Descargas\/libros\/LeonDenis\/espiritismoyfuerzasradiantes.pdf\">aqu\u00ed<\/a> <\/strong>gracias a la Federaci\u00f3n Esp\u00edrita Espa\u00f1ola.<\/p>\n\n\n\n<p><strong>&#8211; \u00abEl M\u00e1s All\u00e1\u00bb<\/strong>, Le\u00f3n Denis aportando datos acerca de la supervivencia del ser m\u00e1s all\u00e1 de la muerte. Descargar <strong><a href=\"http:\/\/www.espiritismo.es\/Descargas\/libros\/LeonDenis\/El_mas_alla.pdf\">aqu\u00ed<\/a><\/strong> gracias a la Federaci\u00f3n Esp\u00edrita Espa\u00f1ola.<\/p>\n\n\n\n<p><strong>&#8211; \u00abEl Gran Enigma\u00bb<\/strong>, donde Le\u00f3n Denis se centra en la cuesti\u00f3n de Dios y el universo. Descarga <strong><a href=\"http:\/\/www.espiritismo.cc\/Descargas\/libros\/LeonDenis\/el-gran-enigma.pdf\">aqu\u00ed <\/a><\/strong>gracias a la Federaci\u00f3n Esp\u00edrita Espa\u00f1ola.<\/p>\n\n\n\n<p><strong>&#8211; \u00abLa Luz Del Futuro\u00bb<\/strong>, Amalia Domingo Soler. Una buena manera de adentrarnos en la esencia espiritual de la mano de una de las personas que m\u00e1s han hecho por el Espiritismo. Descarga <strong><a href=\"http:\/\/www.espiritismo.es\/Descargas\/libros\/Amalia\/laluzdelfuturo.pdf\">aqu\u00ed<\/a><\/strong> gracias a la Federaci\u00f3n Esp\u00edrita Espa\u00f1ola.<\/p>\n\n\n\n<p><strong>&#8211; \u00abLa Luz Que Nos Gu\u00eda\u00bb<\/strong>, extractos del Centro Camino De Luz respecto a Amalia Domingo Soler. Descraga <strong><a href=\"http:\/\/www.espiritismo.es\/Descargas\/libros\/Amalia\/laluzquenosguia.pdf\">aqu\u00ed<\/a> <\/strong>gracias a la Federaci\u00f3n Esp\u00edrita Espa\u00f1ola.<\/p>\n\n\n\n<p><strong>-\u00abSe\u00f1al Verde\u00bb<\/strong>, de Francisco C\u00e1ndido Xavier. El entra\u00f1able Chico Xavier canaliza las ense\u00f1anzas de Andr\u00e9 Luiz en una obra amena y directa. Descarga <strong><a href=\"http:\/\/espiritismo.es\/Descargas\/libros\/senal-verde.pdf\">aqu\u00ed<\/a><\/strong> gracias a la Federaci\u00f3n Esp\u00edrita Espa\u00f1ola.<\/p>\n\n\n\n<p><strong>&#8211; \u00abRespuestas De La Vida\u00bb<\/strong>, de Francisco C\u00e1ndido Xavier canalizando al esp\u00edritu de Andre Luiz. Descarga <strong><a href=\"http:\/\/espiritismo.es\/Descargas\/libros\/respuestas-de-la-vida.pdf\">aqu\u00ed<\/a><\/strong> gracias a la Federaci\u00f3n Esp\u00edrita Espa\u00f1ola.<\/p>\n\n\n\n<p><strong>&#8211; \u00abPalabras Del Coraz\u00f3n\u00bb<\/strong>, de Francisco C\u00e1ndido Xavier. En esta ocasi\u00f3n es el esp\u00edritu de Meimei que se sirve de la mediumnidad de Chico para ofrecer contenidos. Descarga <strong><a href=\"http:\/\/espiritismo.es\/Descargas\/libros\/palabras-del-corazon.pdf\">aqu\u00ed<\/a><\/strong> gracias a la Federaci\u00f3n Esp\u00edrita Espa\u00f1ola.<\/p>\n\n\n\n<p><strong>&#8211; \u00abCamino, Verdad Y Vida\u00bb<\/strong>, de Francisco C\u00e1ndido Xavier haciendo de mediador del esp\u00edritu de Emmanuel. Descarga <strong><a href=\"http:\/\/espiritismo.es\/Descargas\/libros\/camino-verdad-y-vida.pdf\">aqu\u00ed<\/a><\/strong> gracias a la Federaci\u00f3n Esp\u00edrita Espa\u00f1ola.<\/p>\n\n\n\n<p><strong>&#8211; \u00abCincuenta A\u00f1os Despu\u00e9s\u00bb<\/strong>, por Emmanuel a trav\u00e9s de la mediumnidad de Chico Xavier. Descarga <strong><a href=\"http:\/\/www.espiritismo.es\/Descargas\/libros\/Chicoxavier\/50anhosdespues.pdf\">aqu\u00ed<\/a><\/strong> gracias a la Federaci\u00f3n Esp\u00edrita Espa\u00f1ola.<\/p>\n\n\n\n<p>Pr\u00f3ximamente iremos a\u00f1adiendo m\u00e1s libros a esta secci\u00f3n.<\/p>\n","protected":false},"excerpt":{"rendered":"<p>Paginas Web Federaci\u00f3n Esp\u00edrita Espa\u00f1olahttps:\/\/fee.espiritismo.es\/ Consejo Esp\u00edrita Internacional https:\/\/cei-spiritistcouncil.com\/ Cidade da Luz&nbsp; (Brasil)https:\/\/www.cidadedaluz.com.br\/ Fundaci\u00f3n Lar Armon\u00eda (Brasil)Descripci\u00f3n: Contribuir para el despertar del ser humano en todas sus dimensiones. http:\/\/www.larharmonia.org.br\/ Mansi\u00f3n del Camino &#8211; BrasilDescripci\u00f3n: Una obra del Centro Esp\u00edrita Camino de Redenci\u00f3n &#8211; http:\/\/www.mansaodocaminho.com.br\/ Blog de Victor M. Fern\u00e1ndezDescripci\u00f3n: Blog de un amigo y socio&hellip;<\/p>\n","protected":false},"author":1,"featured_media":0,"parent":0,"menu_order":0,"comment_status":"closed","ping_status":"closed","template":"","meta":{"footnotes":""},"class_list":["post-19","page","type-page","status-publish","hentry"],"_links":{"self":[{"href":"https:\/\/www.espiritasmadrid.com\/index.php\/wp-json\/wp\/v2\/pages\/19","targetHints":{"allow":["GET"]}}],"collection":[{"href":"https:\/\/www.espiritasmadrid.com\/index.php\/wp-json\/wp\/v2\/pages"}],"about":[{"href":"https:\/\/www.espiritasmadrid.com\/index.php\/wp-json\/wp\/v2\/types\/page"}],"author":[{"embeddable":true,"href":"https:\/\/www.espiritasmadrid.com\/index.php\/wp-json\/wp\/v2\/users\/1"}],"replies":[{"embeddable":true,"href":"https:\/\/www.espiritasmadrid.com\/index.php\/wp-json\/wp\/v2\/comments?post=19"}],"version-history":[{"count":21,"href":"https:\/\/www.espiritasmadrid.com\/index.php\/wp-json\/wp\/v2\/pages\/19\/revisions"}],"predecessor-version":[{"id":1852,"href":"https:\/\/www.espiritasmadrid.com\/index.php\/wp-json\/wp\/v2\/pages\/19\/revisions\/1852"}],"wp:attachment":[{"href":"https:\/\/www.espiritasmadrid.com\/index.php\/wp-json\/wp\/v2\/media?parent=19"}],"curies":[{"name":"wp","href":"https:\/\/api.w.org\/{rel}","templated":true}]}}